{"id":2,"date":"2024-08-02T18:43:59","date_gmt":"2024-08-02T18:43:59","guid":{"rendered":"https:\/\/haiken.cl\/?page_id=2"},"modified":"2024-08-02T16:13:42","modified_gmt":"2024-08-02T20:13:42","slug":"sample-page","status":"publish","type":"page","link":"https:\/\/haiken.cl\/","title":{"rendered":""},"content":{"rendered":"\n<div class=\"wp-block-group alignfull has-medium-font-size has-global-padding is-layout-constrained wp-container-core-group-is-layout-60c154a9 wp-block-group-is-layout-constrained\" style=\"padding-top:var(--wp--preset--spacing--20);padding-right:var(--wp--preset--spacing--20);padding-bottom:var(--wp--preset--spacing--20);padding-left:var(--wp--preset--spacing--20)\">\n<div class=\"wp-block-group has-global-padding is-layout-constrained wp-container-core-group-is-layout-650790e1 wp-block-group-is-layout-constrained\">\n<h5 class=\"wp-block-heading has-text-align-center has-x-large-font-size\">Creamos infraestructura de acceso p\u00fablico en la Patagonia<br> <\/h5>\n\n\n\n<blockquote class=\"wp-block-quote is-layout-flow wp-container-core-quote-is-layout-22223934 wp-block-quote-is-layout-flow\">\n<p class=\"has-text-align-center\">Alto est\u00e1ndar, bajo impacto<\/p>\n<\/blockquote>\n\n\n\n<div style=\"height:1.25rem\" aria-hidden=\"true\" class=\"wp-block-spacer\"><\/div>\n\n\n\n<p class=\"has-text-align-center\"><\/p>\n\n\n\n<div style=\"height:1.25rem\" aria-hidden=\"true\" class=\"wp-block-spacer\"><\/div>\n\n\n\n<div class=\"wp-block-buttons is-content-justification-center is-layout-flex wp-container-core-buttons-is-layout-a89b3969 wp-block-buttons-is-layout-flex\"><\/div>\n<\/div>\n\n\n\n<div style=\"height:var(--wp--preset--spacing--30)\" aria-hidden=\"true\" class=\"wp-block-spacer\"><\/div>\n\n\n\n<figure class=\"wp-block-image alignwide size-full is-style-rounded is-style-rounded--1\"><img loading=\"lazy\" decoding=\"async\" width=\"1080\" height=\"608\" src=\"https:\/\/haiken.cl\/wp-content\/uploads\/2024\/08\/160309287_967290493805747_1815915046802737026_n-edited.jpg\" alt=\"\" class=\"wp-image-24\" srcset=\"https:\/\/haiken.cl\/wp-content\/uploads\/2024\/08\/160309287_967290493805747_1815915046802737026_n-edited.jpg 1080w, https:\/\/haiken.cl\/wp-content\/uploads\/2024\/08\/160309287_967290493805747_1815915046802737026_n-edited-300x169.jpg 300w, https:\/\/haiken.cl\/wp-content\/uploads\/2024\/08\/160309287_967290493805747_1815915046802737026_n-edited-1024x576.jpg 1024w, https:\/\/haiken.cl\/wp-content\/uploads\/2024\/08\/160309287_967290493805747_1815915046802737026_n-edited-768x432.jpg 768w\" sizes=\"auto, (max-width: 1080px) 100vw, 1080px\" \/><\/figure>\n<\/div>\n\n\n\n<figure class=\"wp-block-gallery has-nested-images columns-default is-cropped wp-block-gallery-2 is-layout-flex wp-block-gallery-is-layout-flex\">\n<figure class=\"wp-block-image size-large\"><img loading=\"lazy\" decoding=\"async\" width=\"1024\" height=\"1024\" data-id=\"41\" src=\"https:\/\/haiken.cl\/wp-content\/uploads\/2024\/08\/210732312_330553275208796_7536984749449625513_n-1024x1024.jpg\" alt=\"\" class=\"wp-image-41\" srcset=\"https:\/\/haiken.cl\/wp-content\/uploads\/2024\/08\/210732312_330553275208796_7536984749449625513_n-1024x1024.jpg 1024w, https:\/\/haiken.cl\/wp-content\/uploads\/2024\/08\/210732312_330553275208796_7536984749449625513_n-300x300.jpg 300w, https:\/\/haiken.cl\/wp-content\/uploads\/2024\/08\/210732312_330553275208796_7536984749449625513_n-150x150.jpg 150w, https:\/\/haiken.cl\/wp-content\/uploads\/2024\/08\/210732312_330553275208796_7536984749449625513_n-768x768.jpg 768w, https:\/\/haiken.cl\/wp-content\/uploads\/2024\/08\/210732312_330553275208796_7536984749449625513_n.jpg 1080w\" sizes=\"auto, (max-width: 1024px) 100vw, 1024px\" \/><\/figure>\n\n\n\n<figure class=\"wp-block-image size-large\"><img loading=\"lazy\" decoding=\"async\" width=\"1024\" height=\"1024\" data-id=\"43\" src=\"https:\/\/haiken.cl\/wp-content\/uploads\/2024\/08\/210034889_375879260571441_8660904605382200189_n-1024x1024.jpg\" alt=\"\" class=\"wp-image-43\" srcset=\"https:\/\/haiken.cl\/wp-content\/uploads\/2024\/08\/210034889_375879260571441_8660904605382200189_n-1024x1024.jpg 1024w, https:\/\/haiken.cl\/wp-content\/uploads\/2024\/08\/210034889_375879260571441_8660904605382200189_n-300x300.jpg 300w, https:\/\/haiken.cl\/wp-content\/uploads\/2024\/08\/210034889_375879260571441_8660904605382200189_n-150x150.jpg 150w, https:\/\/haiken.cl\/wp-content\/uploads\/2024\/08\/210034889_375879260571441_8660904605382200189_n-768x768.jpg 768w, https:\/\/haiken.cl\/wp-content\/uploads\/2024\/08\/210034889_375879260571441_8660904605382200189_n.jpg 1080w\" sizes=\"auto, (max-width: 1024px) 100vw, 1024px\" \/><\/figure>\n\n\n\n<figure class=\"wp-block-image size-large\"><img loading=\"lazy\" decoding=\"async\" width=\"819\" height=\"1024\" data-id=\"13\" src=\"https:\/\/haiken.cl\/wp-content\/uploads\/2024\/08\/309561320_1517067828814278_934856942945723202_n-819x1024.jpg\" alt=\"\" class=\"wp-image-13\" srcset=\"https:\/\/haiken.cl\/wp-content\/uploads\/2024\/08\/309561320_1517067828814278_934856942945723202_n-819x1024.jpg 819w, https:\/\/haiken.cl\/wp-content\/uploads\/2024\/08\/309561320_1517067828814278_934856942945723202_n-240x300.jpg 240w, https:\/\/haiken.cl\/wp-content\/uploads\/2024\/08\/309561320_1517067828814278_934856942945723202_n-768x960.jpg 768w, https:\/\/haiken.cl\/wp-content\/uploads\/2024\/08\/309561320_1517067828814278_934856942945723202_n.jpg 1080w\" sizes=\"auto, (max-width: 819px) 100vw, 819px\" \/><\/figure>\n<\/figure>\n\n\n\n<div class=\"wp-block-group alignfull has-base-2-background-color has-background has-global-padding is-layout-constrained wp-container-core-group-is-layout-669513ed wp-block-group-is-layout-constrained\" style=\"margin-top:0;margin-bottom:0;padding-top:var(--wp--preset--spacing--50);padding-right:var(--wp--preset--spacing--50);padding-bottom:var(--wp--preset--spacing--50);padding-left:var(--wp--preset--spacing--50)\">\n<div class=\"wp-block-group is-vertical is-content-justification-center is-layout-flex wp-container-core-group-is-layout-52b864f0 wp-block-group-is-layout-flex\">\n<h2 class=\"wp-block-heading has-text-align-center is-style-asterisk\">Comprometidos con la Patagonia<\/h2>\n\n\n\n<div style=\"height:0px\" aria-hidden=\"true\" class=\"wp-block-spacer wp-container-content-4f2ccadb\"><\/div>\n\n\n\n<p class=\"has-text-align-center\">Trabajamos creando acceso p\u00fablico en el sur de Chile. <\/p>\n<\/div>\n\n\n\n<div style=\"margin-top:0;margin-bottom:0;height:var(--wp--preset--spacing--40)\" aria-hidden=\"true\" class=\"wp-block-spacer\"><\/div>\n\n\n\n<div class=\"wp-block-columns alignwide is-layout-flex wp-container-core-columns-is-layout-d0bbbce0 wp-block-columns-is-layout-flex\">\n<div class=\"wp-block-column is-layout-flow wp-container-core-column-is-layout-e3d1c41b wp-block-column-is-layout-flow\">\n<h3 class=\"wp-block-heading has-text-align-left is-style-asterisk has-body-font-family has-medium-font-size\" style=\"font-style:normal;font-weight:600\">Maquinaria<\/h3>\n\n\n\n<p class=\"has-text-align-left\">Especializada para la construcci\u00f3n de senderos, caminos, excavaciones y nivelado de terrenos. <\/p>\n<\/div>\n\n\n\n<div class=\"wp-block-column is-layout-flow wp-container-core-column-is-layout-e3d1c41b wp-block-column-is-layout-flow\">\n<h3 class=\"wp-block-heading has-text-align-left is-style-asterisk has-body-font-family has-medium-font-size\" style=\"font-style:normal;font-weight:600\">Construcci\u00f3n<\/h3>\n\n\n\n<p class=\"has-text-align-left\">Experiencia y compromiso para la construcci\u00f3n de obras de acceso p\u00fablico, pasarelas y espacios habitacionales. <\/p>\n<\/div>\n\n\n\n<div class=\"wp-block-column is-layout-flow wp-container-core-column-is-layout-e3d1c41b wp-block-column-is-layout-flow\">\n<h3 class=\"wp-block-heading has-text-align-left is-style-asterisk has-body-font-family has-medium-font-size\" style=\"font-style:normal;font-weight:600\">Planificaci\u00f3n y Dise\u00f1o<\/h3>\n\n\n\n<p class=\"has-text-align-left\">de proyectos de construcci\u00f3n y de espacios habitacionales<\/p>\n<\/div>\n<\/div>\n\n\n\n<div style=\"height:var(--wp--preset--spacing--20)\" aria-hidden=\"true\" class=\"wp-block-spacer\"><\/div>\n\n\n\n<div class=\"wp-block-columns alignwide is-layout-flex wp-container-core-columns-is-layout-d0bbbce0 wp-block-columns-is-layout-flex\">\n<div class=\"wp-block-column is-layout-flow wp-container-core-column-is-layout-e3d1c41b wp-block-column-is-layout-flow\"><\/div>\n\n\n\n<div class=\"wp-block-column is-layout-flow wp-container-core-column-is-layout-e3d1c41b wp-block-column-is-layout-flow\"><\/div>\n\n\n\n<div class=\"wp-block-column is-layout-flow wp-container-core-column-is-layout-e3d1c41b wp-block-column-is-layout-flow\"><\/div>\n<\/div>\n<\/div>\n\n\n\n<div class=\"wp-block-group alignfull has-global-padding is-layout-constrained wp-container-core-group-is-layout-d89aad35 wp-block-group-is-layout-constrained\" style=\"margin-top:0;margin-bottom:0;padding-top:var(--wp--preset--spacing--50);padding-right:var(--wp--preset--spacing--50);padding-bottom:var(--wp--preset--spacing--50);padding-left:var(--wp--preset--spacing--50)\">\n<div class=\"wp-block-group alignwide has-base-2-background-color has-background has-global-padding is-layout-constrained wp-container-core-group-is-layout-39412042 wp-block-group-is-layout-constrained\" style=\"border-radius:16px;padding-top:var(--wp--preset--spacing--40);padding-right:var(--wp--preset--spacing--50);padding-bottom:var(--wp--preset--spacing--40);padding-left:var(--wp--preset--spacing--50)\">\n<div style=\"height:var(--wp--preset--spacing--10)\" aria-hidden=\"true\" class=\"wp-block-spacer\"><\/div>\n\n\n\n<h2 class=\"wp-block-heading has-text-align-center has-x-large-font-size\">ESCR\u00cdBENOS<\/h2>\n\n\n\n<p class=\"has-text-align-center\">Consultas y Cotizaciones<\/p>\n\n\n\n<div class=\"wp-block-columns is-layout-flex wp-container-core-columns-is-layout-28f84493 wp-block-columns-is-layout-flex\">\n<div class=\"wp-block-column is-layout-flow wp-block-column-is-layout-flow\" style=\"flex-basis:100%\">\n<div class=\"wp-block-group has-global-padding is-layout-constrained wp-block-group-is-layout-constrained\">\n<div class=\"wpcf7 no-js\" id=\"wpcf7-f32-o1\" lang=\"es-ES\" dir=\"ltr\">\n<div class=\"screen-reader-response\"><p role=\"status\" aria-live=\"polite\" aria-atomic=\"true\"><\/p> <ul><\/ul><\/div>\n<form action=\"\/index.php\/wp-json\/wp\/v2\/pages\/2#wpcf7-f32-o1\" method=\"post\" class=\"wpcf7-form init\" aria-label=\"Formulario de contacto\" novalidate=\"novalidate\" data-status=\"init\">\n<div style=\"display: none;\">\n<input type=\"hidden\" name=\"_wpcf7\" value=\"32\" \/>\n<input type=\"hidden\" name=\"_wpcf7_version\" value=\"5.9.8\" \/>\n<input type=\"hidden\" name=\"_wpcf7_locale\" value=\"es_ES\" \/>\n<input type=\"hidden\" name=\"_wpcf7_unit_tag\" value=\"wpcf7-f32-o1\" \/>\n<input type=\"hidden\" name=\"_wpcf7_container_post\" value=\"0\" \/>\n<input type=\"hidden\" name=\"_wpcf7_posted_data_hash\" value=\"\" \/>\n<\/div>\n<p><label> Tu nombre<br \/>\n<span class=\"wpcf7-form-control-wrap\" data-name=\"your-name\"><input size=\"40\" maxlength=\"400\" class=\"wpcf7-form-control wpcf7-text wpcf7-validates-as-required\" autocomplete=\"name\" aria-required=\"true\" aria-invalid=\"false\" value=\"\" type=\"text\" name=\"your-name\" \/><\/span> <\/label>\n<\/p>\n<p><label> Tu correo electr\u00f3nico<br \/>\n<span class=\"wpcf7-form-control-wrap\" data-name=\"your-email\"><input size=\"40\" maxlength=\"400\" class=\"wpcf7-form-control wpcf7-email wpcf7-validates-as-required wpcf7-text wpcf7-validates-as-email\" autocomplete=\"email\" aria-required=\"true\" aria-invalid=\"false\" value=\"\" type=\"email\" name=\"your-email\" \/><\/span> <\/label>\n<\/p>\n<p><label> Asunto<br \/>\n<span class=\"wpcf7-form-control-wrap\" data-name=\"your-subject\"><input size=\"40\" maxlength=\"400\" class=\"wpcf7-form-control wpcf7-text wpcf7-validates-as-required\" aria-required=\"true\" aria-invalid=\"false\" value=\"\" type=\"text\" name=\"your-subject\" \/><\/span> <\/label>\n<\/p>\n<p><label> Tu mensaje (opcional)<br \/>\n<span class=\"wpcf7-form-control-wrap\" data-name=\"your-message\"><textarea cols=\"40\" rows=\"10\" maxlength=\"2000\" class=\"wpcf7-form-control wpcf7-textarea\" aria-invalid=\"false\" name=\"your-message\"><\/textarea><\/span> <\/label>\n<\/p>\n<p><input class=\"wpcf7-form-control wpcf7-submit has-spinner\" type=\"submit\" value=\"Enviar\" \/>\n<\/p><div class=\"wpcf7-response-output\" aria-hidden=\"true\"><\/div>\n<\/form>\n<\/div>\n\n<\/div>\n<\/div>\n<\/div>\n\n\n\n<div class=\"wp-block-buttons is-content-justification-center is-layout-flex wp-container-core-buttons-is-layout-a89b3969 wp-block-buttons-is-layout-flex\"><\/div>\n<\/div>\n<\/div>\n","protected":false},"excerpt":{"rendered":"<p>Creamos infraestructura de acceso p\u00fablico en la Patagonia Alto est\u00e1ndar, bajo impacto Comprometidos con la Patagonia Trabajamos creando acceso p\u00fablico en el sur de Chile. Maquinaria Especializada para la construcci\u00f3n de senderos, caminos, excavaciones y nivelado de terrenos. Construcci\u00f3n Experiencia y compromiso para la construcci\u00f3n de obras de acceso p\u00fablico, pasarelas y espacios habitacionales. Planificaci\u00f3n [&hellip;]<\/p>\n","protected":false},"author":1,"featured_media":0,"parent":0,"menu_order":0,"comment_status":"closed","ping_status":"open","template":"","meta":{"footnotes":""},"class_list":["post-2","page","type-page","status-publish","hentry"],"_links":{"self":[{"href":"https:\/\/haiken.cl\/index.php\/wp-json\/wp\/v2\/pages\/2","targetHints":{"allow":["GET"]}}],"collection":[{"href":"https:\/\/haiken.cl\/index.php\/wp-json\/wp\/v2\/pages"}],"about":[{"href":"https:\/\/haiken.cl\/index.php\/wp-json\/wp\/v2\/types\/page"}],"author":[{"embeddable":true,"href":"https:\/\/haiken.cl\/index.php\/wp-json\/wp\/v2\/users\/1"}],"replies":[{"embeddable":true,"href":"https:\/\/haiken.cl\/index.php\/wp-json\/wp\/v2\/comments?post=2"}],"version-history":[{"count":15,"href":"https:\/\/haiken.cl\/index.php\/wp-json\/wp\/v2\/pages\/2\/revisions"}],"predecessor-version":[{"id":45,"href":"https:\/\/haiken.cl\/index.php\/wp-json\/wp\/v2\/pages\/2\/revisions\/45"}],"wp:attachment":[{"href":"https:\/\/haiken.cl\/index.php\/wp-json\/wp\/v2\/media?parent=2"}],"curies":[{"name":"wp","href":"https:\/\/api.w.org\/{rel}","templated":true}]}}